reatest common divisor of 6876 and 171.
9
What is the greatest common factor of 55536 and 4784?
208
What is the highest common divisor of 1260 and 356244?
84
Calculate the highest common divisor of 799 and 1938.
17
Calculate the greatest common divisor of 20 and 385544.
4
Calculate the greatest common divisor of 173546 and 152.
38
Calculate the greatest common factor of 26 and 387101.
13
Calculate the highest common factor of 34611 and 14317.
139
What is the highest common factor of 14120 and 2180?
20
Calculate the highest common divisor of 357694 and 38.
38
Calculate the greatest common divisor of 962415 and 135.
135
What is the highest common divisor of 828 and 1817?
23
Calculate the greatest common divisor of 22895563 and 37.
37
Calculate the greatest common factor of 65 and 3473665.
65
What is the greatest common divisor of 166 and 38346?
166
What is the greatest common divisor of 138335 and 8760?
365
What is the highest common divisor of 51512 and 2?
2
What is the greatest common factor of 435 and 368097?
87
Calculate the highest common divisor of 270 and 3750.
30
What is the highest common divisor of 75 and 4175?
25
What is the greatest common factor of 363 and 101761?
121
Calculate the greatest common factor of 309901 and 43.
43
Calculate the highest common factor of 291 and 404102.
97
Calculate the greatest common divisor of 658301 and 21.
7
Calculate the highest common divisor of 256 and 22.
2
What is the highest common factor of 1871349 and 1466?
733
Calculate the highest common factor of 3971 and 589.
19
Calculate the greatest common factor of 1104 and 6302.
46
What is the highest common divisor of 33658 and 50?
2
Calculate the highest common factor of 30 and 12422310.
30
What is the highest common factor of 710 and 380?
10
What is the greatest common divisor of 15 and 2423685?
15
What is the greatest common divisor of 1722635 and 95?
95
Calculate the greatest common divisor of 4730 and 53449.
473
What is the highest common factor of 1121608 and 94?
94
What is the highest common divisor of 25368 and 504?
168
Calculate the highest common divisor of 23388 and 300.
12
Calculate the highest common factor of 1111688 and 632.
632
Calculate the highest common divisor of 213534 and 54.
18
What is the greatest common factor of 45 and 5486085?
45
What is the highest common divisor of 936 and 1576?
8
What is the highest common factor of 7224 and 12264?
168
What is the greatest common divisor of 663503 and 41?
41
What is the highest common factor of 769735 and 55?
5
What is the greatest common divisor of 26892 and 16362?
162
Calculate the highest common divisor of 196126 and 84.
14
Calculate the greatest common divisor of 8 and 1377112.
8
Calculate the highest common divisor of 16902 and 205954.
626
What is the greatest common factor of 117 and 543504?
39
What is the highest common factor of 226303 and 616?
77
What is the greatest common factor of 19448 and 715?
143
Calculate the highest common divisor of 24465 and 70.
35
What is the greatest common factor of 244 and 1030656?
244
What is the highest common divisor of 60416 and 59?
59
Calculate the greatest common divisor of 12160 and 6156.
76
Calculate the greatest common factor of 95518 and 9128.
326
What is the highest common divisor of 6 and 102561?
3
What is the greatest common divisor of 679294 and 1078?
154
Calculate the greatest common factor of 49 and 749798.
49
Calculate the highest common factor of 368110 and 5058.
562
What is the highest common divisor of 3549703 and 719?
719
Calculate the highest common factor of 67621 and 494.
19
What is the highest common divisor of 50410 and 284?
142
What is the greatest common factor of 13608 and 9?
9
What is the greatest common divisor of 558 and 4062?
6
Calculate the greatest common divisor of 3995 and 3655.
85
Calculate the greatest common divisor of 372 and 43431.
93
What is the highest common divisor of 45 and 49540?
5
Calculate the highest common factor of 990 and 72886.
22
Calculate the highest common factor of 2256 and 520384.
752
What is the greatest common factor of 8843 and 10693?
37
Calculate the highest common factor of 30460 and 15.
5
What is the highest common divisor of 815 and 76121?
163
Calculate the greatest common factor of 256240 and 80.
80
Calculate the greatest common factor of 64089 and 1179.
9
Calculate the greatest common factor of 48636 and 42.
42
Calculate the highest common factor of 376 and 3752.
8
Calculate the greatest common divisor of 156 and 1857726.
78
What is the highest common divisor of 66 and 7634?
22
What is the highest common divisor of 146812 and 1524?
508
Calculate the greatest common divisor of 75 and 3810.
15
What is the greatest common factor of 9196 and 11616?
484
Calculate the greatest common factor of 10 and 1775.
5
What is the highest common factor of 185799 and 12?
3
Calculate the greatest common factor of 256 and 55180.
4
What is the highest common divisor of 154 and 25333?
77
Calculate the highest common factor of 88 and 617320.
88
What is the greatest common factor of 722319 and 507?
39
Calculate the greatest common divisor of 1833 and 1.
1
Calculate the highest common factor of 247 and 339833.
13
What is the highest common factor of 975 and 117?
39
What is the greatest common factor of 34 and 2056?
2
What is the highest common divisor of 412743 and 2907?
51
Calculate the highest common factor of 2165 and 1815.
5
Calculate the greatest common factor of 11824 and 200.
8
Calculate the greatest common factor of 1228 and 11973.
307
Calculate the highest common factor of 561 and 193358.
187
Calculate the greatest common factor of 115 and 51635.
115
What is the highest common factor of 83021 and 854?
61
Calculate the greatest common divisor of 13199 and 591.
197
What is the highest common factor of 146376 and 16?
8
What is the highest common factor of 1029 and 14658?
21
Calculate the highest common factor of 323547 and 3381.
147
What is the highest common divisor of 68 and 12172?
68
What is the greatest common factor of 3173 and 361?
19
Calculate the highest common divisor of 7512 and 312.
24
What is the greatest common divisor of 130 and 706004?
26
What is the highest common divisor of 17 and 273547?
17
What is the highest common factor of 36 and 3183?
3
Calculate the greatest common factor of 1716 and 539136.
156
What is the highest common divisor of 336 and 33152?
112
What is the greatest common divisor of 13681 and 79?
1
Calculate the greatest common factor of 7384 and 9656.
568
Calculate the greatest common divisor of 390 and 99840.
390
Calculate the greatest common divisor of 4094 and 1472.
46
Calculate the greatest common factor of 405015 and 30.
15
Calculate the greatest common divisor of 67265 and 55.
55
Calculate the highest common divisor of 153 and 8838.
9
Calculate the greatest common factor of 30709 and 25543.
287
Calculate the highest common divisor of 273318 and 6.
6
What is the greatest common factor of 465 and 8535?
15
What is the greatest common factor of 1475 and 1312750?
1475
What is the greatest common factor of 30552 and 12426?
114
Calculate the greatest common divisor of 220 and 36795.
55
What is the greatest common factor of 352 and 9280?
32
What is the greatest common factor of 1318 and 485683?
659
What is the highest common divisor of 61546 and 52?
2
Calculate the highest common factor of 6854660 and 10.
10
What is the greatest common factor of 70 and 23170?
70
What is the greatest common factor of 392 and 16024?
8
What is the greatest common factor of 567 and 15456?
21
What is the greatest common divisor of 22161 and 6?
3
Calculate the greatest common factor of 24 and 8955200.
8
Calculate the greatest common divisor of 20272 and 2576.
112
What is the greatest common divisor of 302750 and 4200?
350
What is the greatest common factor of 13584 and 48?
48
What is the highest common factor of 50 and 471110?
10
What is the greatest common divisor of 2459 and 24939178?
2459
What is the greatest common divisor of 1000 and 3140?
20
Calculate the greatest common factor of 24846 and 246.
246
Calculate the highest common factor of 114180 and 21625.
865
Calculate the highest common divisor of 560 and 6416.
16
Calculate the greatest common divisor of 6351 and 5548.
73
What is th